d**2 + 1/12*d**4 + o*d**5 + 1/2*d**3. Calculate y(-3).
15
Let u(b) = -5*b**2 - b + 2. Suppose 5*c + 37 = 7. Let x be 8*(-1 + (-9)/c). Suppose a = -a - x. Determine u(a).
-16
Suppose x = -9*x. Let p(t) = t**3 + t**2 + t - 6. Give p(x).
-6
Suppose -8*j = -54 - 10. Let o(s) = -s**3 + 9*s**2 - 8*s. What is o(j)?
0
Let i(t) = 3*t + 48 - 5*t - t**2 - 102 + 49. Determine i(-4).
-13
Let f(s) be the first derivative of -s**4/4 - 11*s**3/3 + 11*s**2/2 - 11*s - 22. Calculate f(-12).
1
Suppose -2 = 60*i - 62*i. Let l(n) = 19*n - 4*n + 2 + i - 7*n**2 + 8*n**2. Determine l(-15).
3
Let u(m) = -181 + 2281*m + 0*m**2 - 2277*m - 5*m**2 + 183 + 4*m**2. Let w be 7 - (-1)/(-2)*2. Determine u(w).
-10
Let s(o) = -o - 2. Suppose 3*d - 3 = -15. Let g be s(d). Let y(f) be the first derivative of f**4/4 - 2*f**3/3 + f**2 - 2*f - 3. Give y(g).
2
Let v(w) = -8*w + 7. Let b(d) = -42*d + 36. Let u(x) = -2*b(x) + 11*v(x). What is u(11)?
-39
Let c be ((-4)/(-10))/((-1)/(-30)). Let r be (c/30)/((-4)/(-10)). Let o(x) = 5*x - 1. Give o(r).
4
Let d(v) be the first derivative of v**5/120 - v**4/8 - v**3/3 - 2. Let q(f) be the third derivative of d(f). Let a(t) = 15*t - 9. Let i be a(1). Give q(i).
3
Suppose -434 = 11*w - 555. Let s(z) = 2*z**3 - 22*z**2. Give s(w).
0
Let x(b) = -b**3 - 8*b**2 + 10*b + 13. Let v(m) = 2*m**3 + 26*m**2 + 2*m + 17. Let y be v(-13). What is x(y)?
4
Let p(m) = -m**3 - 5*m**2 + 4*m - 3. Let x(t) = -6*t**3 - 25*t**2 + 21*t - 14. Let v = 34 - 23. Let l(b) = v*p(b) - 2*x(b). What is l(5)?
5
Let h(g) = -4. Let d(f) = f + 11. Let v be (-70)/(-9) - (-12)/54. Let k(t) = v*h(t) + 3*d(t). What is k(-3)?
-8
Let l(s) = s**2 - 6*s - 22. Let o(f) = f**2 - 3*f - 18. Let r(w) = -2*l(w) + 3*o(w). Give r(-6).
8
Let m(x) = 2*x**2 - 6*x + 0*x - 27 + 0*x**2 + 74 - 3*x**2. Determine m(-10).
7
Suppose t = -6*t - 5670. Let a be 2/13 - t/(-195). Let r(f) be the second derivative of -f**5/20 - f**4/6 + 2*f**3/3 - 5*f**2/2 - 7*f. Determine r(a).
11
Suppose 11 = -3*k + 2. Let q(g) = -g**3 + 2*g. Let z(r) = -r**2 + 1. Let f(u) = -q(u) - 2*z(u). Determine f(k).
-5
Let l(n) = -n**3 - 3*n**2 - 3*n - 1. Let m be (3 - (-4 + 8)) + (3 - 4). Determine l(m).
1
Let b(y) = 20*y - 4. Let q(f) = 261*f - 54. Let o(r) = -27*b(r) + 2*q(r). Suppose -4*d = -k + 5, -2*k - 2*d = 3*k - 3. Determine o(k).
-18
Let l(g) be the first derivative of g**3/3 - 7*g**2/2 - 15*g - 13. Give l(9).
3
Let v(w) = w + 11. Let c(i) = -i**3 + 10*i**2 - 12*i + 7. Let u be c(8). Let h = 32 - u. What is v(h)?
4
Let c(i) = -i**2 + 4*i + 7. Suppose -21 = -4*h - 2*v - v, v - 5 = -h. Calculate c(h).
-5
Suppose -21 = 10*h - 211. Suppose -2*c + 2*l + 0 = 14, -l = -3*c - h. Let u(f) = -f - 3. Determine u(c).
3
Let i(s) = 10*s**2 - 1. Let o be (-1 - 0) + (-2)/(-12)*0. Calculate i(o).
9
Let z(h) = 5*h - 15. Let k be (108/60)/(6/20). Give z(k).
15
Suppose -3*v = v - 3*j - 132, 5*v - j - 154 = 0. Suppose 27*b = v*b - 15. Let w(a) = a - 3. Calculate w(b).
2
Let v(c) be the first derivative of -c**4/4 + 2*c**3 - 7*c**2/2 + 5*c + 136. Suppose 2*f = -2*f + 20. Give v(f).
-5
Let j be (2 - (-36)/(-20))*10. Let m(h) = 4*h + 0*h + h + 7 - 806*h**j + 805*h**2. What is m(6)?
1
Let b = 2 + 0. Suppose -8 = -b*i + 2. Let z(t) = -t**2 + 4*t + 3. Determine z(i).
-2
Let l(o) be the first derivative of -6*o + 1/4*o**4 + 2*o**3 + 9 + 1/2*o**2. Give l(-6).
-12
Let b(z) = 25 - 20*z - 74 + 26*z. Determine b(7).
-7
Let w = -48 + 43. Let o(y) = -3*y - 11. Determine o(w).
4
Let s = -33 - -37. Let a be 21/(-7) - (-2)/(s/(-6)). Let f(x) = -x + 2. Determine f(a).
8
Let u be 34/(-12)*-3 - 1/2. Let m(f) = 3*f**3 + 8*f**2 + 4*f - 3. Let k(i) = -i**3 - i + 1. Let n(t) = 4*k(t) + m(t). Calculate n(u).
1
Suppose 4*f - 7 = 1. Let d(r) = -3 - r + 0*r + f. Suppose 0 = -5*s - 3*u - 65 + 18, -u = 2*s + 18. Give d(s).
6
Let w(t) = 3*t - t**2 - t + 5*t**3 - 2*t + 1. Let u = 14 + -18. Let z = -3 - u. Determine w(z).
5
Let p(a) = a**3 - 9*a**2 + 8*a + 6. Let m(s) = -s**3 - 10*s**2 - 15*s + 16. Let k be m(-8). Determine p(k).
6
Suppose 0 = 5*z + 5*k + 20, 0 = -7*z + 2*z + 3*k + 20. Let w(m) = -2*m. Let p be (-6 + -2)*(-39)/6. Let a(n) = 18*n. Let j(f) = p*w(f) + 6*a(f). Determine j(z).
4
Suppose 0 - 4 = -4*k. Let c(f) = -4 - 1 + f - k + 4. What is c(0)?
-2
Let s(u) = u**2 - 2*u - 1. Let x(m) = 5 + m - m**3 + 4*m**2 - 5*m - 2. Let i(y) = y**2 + 2. Let j be i(0). Let p be x(j). What is s(p)?
2
Let d(r) = 4*r - 6. Let i(k) = k - 2. Let q(b) = 4*d(b) - 14*i(b). Suppose -t - 17 = -5*s, -s - t = -0 - 7. Determine q(s).
12
Let j = -3 + -4. Let f(v) = v**2 + 7*v + 6. Determine f(j).
6
Let x(g) = -6*g - 4 + 0 + 4*g**2 - 3*g**2 + 0 + 3. Let l = -4 + 8. What is x(l)?
-9
Let k(p) = -4*p + 7. Let v(s) = 11*s - 17. Let y(q) = -8*k(q) - 3*v(q). Give y(-2).
-3
Let g(x) be the first derivative of -7*x**2/2 - 2*x - 94. Suppose 0 = 5*c + 1 - 11. Give g(c).
-16
Let h = 477 - 485. Let z(w) = -w**3 - 10*w**2 - 11*w - 4. Give z(h).
-44
Let k(r) be the third derivative of r**4/24 - r**3/6 - 79*r**2. Give k(-3).
-4
Let y(w) be the second derivative of w**5/120 - w**4/4 + w**3/6 - 2*w. Let g(l) be the second derivative of y(l). Let n be -8 + (-40)/(-5) + 5. What is g(n)?
-1
Let l be (-4)/6 - 40/(-24). Let y(r) = -l + r + 0 - 46*r**2 + 101*r**2 - 53*r**2. Determine y(-3).
14
Let g = 7 + -4. Suppose 0*b + 2*j = -5*b - 84, -j = -g*b - 57. Let i be (b/15)/(1/5). Let y(h) = h**3 + 5*h**2 - 7*h - 8. Give y(i).
-2
Let a(u) be the second derivative of -8*u - 1/6*u**3 - u**2 + 0. What is a(-7)?
5
Let n(v) = -v + 2. Suppose 3*o - 49 = 17. Suppose -5*y - 30 = -4*l - 2*y, -4*l - y = -o. Calculate n(l).
-4
Let s(j) = -j**3 + 4*j**2 + 4*j + 2. Let x(d) = -d + 2. Let z be x(2). Let y(v) = -8*v - 35. Let m be y(-5). Let l = m + z. Calculate s(l).
-3
Let s(c) = -7*c**3 - c**2. Let g be s(-1). Suppose -3*a = -6 - g. Suppose b - a = 0, -j + b + 1 = -0*b. Let w(d) = -d**2 + 5*d - 6. What is w(j)?
-6
Let j(y) = -5*y**3 + y + 1. Let w = 12 - 16. Let b = w - 0. Let m(q) = -q**3 - 3*q**2 + 5*q + 3. Let d be m(b). Determine j(d).
5
Let f(s) be the first derivative of s**4/4 + 5*s**3/3 - s**2 - s + 1. Let q(p) = 5*p. Let d be q(-1). What is f(d)?
9
Let t(x) = 0 + 4 + 2*x - 10 + 4. Suppose 2 = -2*y + 4. Let p = 2 + y. Give t(p).
4
Let w(a) = 5*a**2 - 25*a - 4. Let y(f) = -14*f**2 + 73*f + 12. Let k(l) = 17*w(l) + 6*y(l). Calculate k(-13).
4
Suppose 4*p + 94 = 294. Suppose 3*x - p = -20. Suppose -x*t = -15*t - 20. Let c(v) = -3*v + 1. Give c(t).
13
Let n(r) = r**3 + r**2 - 8. Suppose -4*c - 11 = 9. Let d be (-2)/(-8)*2 + c/10. Give n(d).
-8
Let v(o) = 2*o**2 - 18*o + 17. Let i be -20*((-16)/10)/4. Calculate v(i).
1
Let w = 73 - 70. Let m(q) be the second derivative of q**4/12 - q**3/3 - 3*q**2/2 - 6*q. Calculate m(w).
0
Let k(p) = -17*p. Let f(m) be the third derivative of m**4/8 - 35*m**3/6 + 5*m**2. Let a be f(12). What is k(a)?
-17
Let q = -1 + 5. Suppose -t + 2*t = -4*i + 20, 3*t = 3*i. Let m(g) = 1 - q*g + 4*g + i*g. Give m(-2).
-7
Let x = -15 - -18. Suppose -4*m + 8 = -4*p, 5*m + 0*m - x*p - 12 = 0. Let c(b) = -2 - 1 + 3*b - 2*b**2 + b**3 - 2*b**2. What is c(m)?
-3
Let f(j) = -j + 8. Let k = -146 + 18. Let t be (-752)/k - ((-6)/16)/3. Give f(t).
2
Let y(r) = 4*r + 2. Let m be -3*(4 - (-28)/(-6)). Let j(d) = -d + 3*d + 7*d**m - 3*d - 8*d**2 + 2. Let f be j(0). Give y(f).
10
Let o(g) = g**3 + 12*g**2 + 8*g + 2. Let u be 715/(-66) + (-1)/6. Let r be o(u). Let x = -40 + r. Let s(a) = -a**2 - 4*a + 3. Calculate s(x).
-2
Let z(k) be the third derivative of k**7/5040 + k**6/144 - 5*k**5/12 - 28*k**2. Let y(q) be the third derivative of z(q). What is y(0)?
5
Suppose 3*w = 41 + 214. Let m = 80 - w. Let a(l) = 2*l - 7. Give a(m).
-17
Suppose 2*x + 5*j - 7 = 0, -2*j + 0*j = 5*x - 28. Let v(d) = -2162*d - 3 - 2165*d + 4330*d. Determine v(x).
15
Let y(l) = 6*l**2 - 2 - l**3 + 5 - 2. Suppose 0 = -4*s + 6*s - 12. Give y(s).
1
Let w(j) = 31*j - 2 - 1 - 33*j + 12. What is w(7)?
-5
Suppose 0 = 5*y + 2*m - 68, -4*y + 52 = -y + 4*m. Let p(d) = -d**2 + 10*d + 19. Give p(y).
-5
Let u(s) = -4 + 0*s + 2*s - 7. Suppose -11 - 261 = -34*w. Calculate u(w).
5
Let k(g) = 2*g**2 - 5 - 4*g**3 - 2*g**2 - 5*g**2 + 5*g**3 + 2*g. Suppose 72 = 10*i + 22. Give k(i).
5
Let q(x) = x**2 - 7*x + 4. Let r be 1365/9 + (-8)/(-24). Let d = r - 145. What is q(d)?
4